929?
False
Is 43706 a multiple of 13?
True
Does 108 divide 16416?
True
Is 794 a multiple of 5?
False
Is 126 a factor of 9576?
True
Does 32 divide 5216?
True
Does 2 divide 28?
True
Does 34 divide 4012?
True
Does 12 divide 3192?
True
Is 30588 a multiple of 4?
True
Does 20 divide 29906?
False
Is 5 a factor of 85?
True
Does 30 divide 2438?
False
Is 5 a factor of 16624?
False
Does 7 divide 427?
True
Does 5 divide 75?
True
Is 29 a factor of 8990?
True
Is 9096 a multiple of 12?
True
Is 31 a factor of 434?
True
Is 28 a factor of 32492?
False
Is 330 a multiple of 4?
False
Does 28 divide 6160?
True
Does 16 divide 4096?
True
Is 27 a factor of 2997?
True
Is 301 a factor of 15295?
False
Is 2 a factor of 50?
True
Is 6516 a multiple of 12?
True
Is 36 a factor of 12157?
False
Is 335 a multiple of 10?
False
Does 6 divide 16168?
False
Does 9 divide 2291?
False
Does 10 divide 492?
False
Is 67 a factor of 1227?
False
Is 7558 a multiple of 7?
False
Is 2 a factor of 51?
False
Does 9 divide 25146?
True
Is 99820 a multiple of 15?
False
Does 18 divide 50969?
False
Is 212 a multiple of 53?
True
Does 31 divide 67355?
False
Is 15 a factor of 228?
False
Is 17 a factor of 932?
False
Does 11 divide 375?
False
Does 2 divide 5112?
True
Does 33 divide 1287?
True
Does 30 divide 30?
True
Does 8 divide 304?
True
Does 138 divide 6799?
False
Is 16 a factor of 192?
True
Is 10270 a multiple of 158?
True
Is 123 a multiple of 41?
True
Is 33 a factor of 33?
True
Is 3068 a multiple of 111?
False
Is 12 a factor of 25006?
False
Does 18 divide 3996?
True
Is 26 a factor of 8440?
False
Does 75 divide 570?
False
Is 18 a factor of 64530?
True
Is 35 a multiple of 9?
False
Does 182 divide 178451?
False
Does 65 divide 5980?
True
Is 259 a multiple of 60?
False
Does 5 divide 893?
False
Is 2292 a multiple of 78?
False
Is 67002 a multiple of 53?
False
Is 8 a factor of 3120?
True
Is 120 a factor of 3120?
True
Is 152 a factor of 599?
False
Is 1440 a multiple of 12?
True
Is 2593 a multiple of 46?
False
Does 46 divide 23092?
True
Is 38 a factor of 8132?
True
Is 4 a factor of 724?
True
Is 52019 a multiple of 17?
False
Does 18 divide 1404?
True
Does 86 divide 4042?
True
Is 19 a factor of 55?
False
Is 54508 a multiple of 19?
False
Is 29 a factor of 812?
True
Is 385 a multiple of 17?
False
Is 15 a factor of 18253?
False
Is 107121 a multiple of 68?
False
Is 1294 a multiple of 24?
False
Is 29 a factor of 230?
False
Does 62 divide 1091?
False
Does 6 divide 607?
False
Does 5 divide 418?
False
Is 494 a multiple of 19?
True
Does 36 divide 1476?
True
Is 721 a multiple of 103?
True
Does 33 divide 33767?
False
Is 1345 a multiple of 10?
False
Does 112 divide 3248?
True
Is 337 a multiple of 5?
False
Is 64 a factor of 19200?
True
Is 2 a factor of 966?
True
Does 52 divide 53451?
False
Is 21 a factor of 110?
False
Is 1697 a multiple of 70?
False
Is 1404 a multiple of 36?
True
Is 8 a factor of 1445?
False
Does 20 divide 10960?
True
Does 144 divide 49968?
True
Is 29 a factor of 19504?
False
Is 5 a factor of 15874?
False
Does 30 divide 1050?
True
Is 15 a factor of 17809?
False
Is 88 a factor of 10808?
False
Is 72 a factor of 720?
True
Does 8 divide 144?
True
Is 13 a factor of 234?
True
Is 31 a factor of 434?
True
Does 27 divide 1871?
False
Does 5 divide 67145?
True
Is 74 a factor of 2590?
True
Is 623 a multiple of 26?
False
Is 2195 a multiple of 12?
False
Is 2593 a multiple of 40?
False
Does 2 divide 6684?
True
Does 44 divide 10736?
True
Does 44 divide 5984?
True
Does 43 divide 860?
True
Is 8658 a multiple of 26?
True
Does 4 divide 6372?
True
Does 63 divide 5985?
True
Is 84 a factor of 455?
False
Is 299 a factor of 42757?
True
Is 18494 a multiple of 18?
False
Is 11 a factor of 14443?
True
Does 70 divide 1580?
False
Does 50 divide 87100?
True
Does 9 divide 47821?
False
Is 9520 a multiple of 112?
True
Is 35868 a multiple of 12?
True
Is 151600 a multiple of 16?
True
Is 236 a multiple of 4?
True
Is 31 a factor of 607?
False
Is 3357 a multiple of 4?
False
Does 96 divide 7968?
True
Is 5 a factor of 1240?
True
Is 2397 a multiple of 17?
True
Is 61 a factor of 3416?
True
Does 17 divide 178?
False
Is 2912 a multiple of 4?
True
Is 162 a factor of 34020?
True
Is 307 a multiple of 2?
False
Is 2619 a multiple of 9?
True
Is 1950 a multiple of 25?
True
Does 29 divide 22446?
True
Is 5 a factor of 720?
True
Is 14481 a multiple of 15?
False
Is 276 a multiple of 46?
True
Is 51 a factor of 546?
False
Does 19 divide 4535?
False
Does 6 divide 2514?
True
Is 869 a multiple of 41?
False
Is 55 a factor of 550?
True
Is 1394 a multiple of 13?
False
Is 5148 a multiple of 13?
True
Does 56 divide 20592?
False
Does 17 divide 15301?
False
Does 34 divide 11934?
True
Is 7180 a multiple of 4?
True
Is 14 a factor of 420?
True
Is 107 a factor of 15908?
False
Is 20 a factor of 696?
False
Is 63 a factor of 2228?
False
Does 106 divide 11766?
True
Is 2 a factor of 1182?
True
Is 39274 a multiple of 43?
False
Is 2944 a multiple of 16?
True
Is 19 a factor of 54829?
False
Is 13560 a multiple of 5?
True
Does 96 divide 6389?
False
Is 56 a factor of 13943?
False
Is 10 a factor of 4739?
False
Is 2844 a multiple of 158?
True
Is 2974 even?
True
Does 13 divide 26778?
False
Is 29127 a multiple of 21?
True
Is 7 a factor of 78?
False
Does 8 divide 24?
True
Is 2 a factor of 207?
False
Does 7 divide 602?
True
Does 4 divide 2752?
True
Is 91 a multiple of 4?
False
Does 10 divide 590?
True
Is 11 a factor of 761?
False
Does 38 divide 31162?
False
Is 22 a factor of 74?
False
Is 20 a multiple of 2?
True
Is 2070 a multiple of 115?
True
Is 44 a factor of 1056?
True
Is 192 a multiple of 2?
True
Does 37 divide 93573?
True
Is 40 a factor of 2890?
False
Is 7 a factor of 4813?
False
Is 39670 a multiple of 5?
True
Is 22139 a multiple of 21?
False
Is 1190 a multiple of 85?
True
Is 8330 a multiple of 119?
True
Does 93 divide 51097?
False
Is 201 a factor of 7236?
True
Is 185 a multiple of 11?
False
Is 8 a factor of 27376?
True
Is 47 a factor of 25202?
False
Does 8 divide 6582?
False
Is 384 a multiple of 3?
True
Is 2208 a multiple of 8?
True
Is 127062 a multiple of 24?
False
Is 558 a multiple of 9?
True
Does 21 divide 3192?
True
Is 13 a factor of 3614?
True
Is 175 a factor of 6300?
True
Does 3 divide 4834?
False
Is 7667 a multiple of 11?
True
Is 1296 a multiple of 18?
True
Is 14 a factor of 2870?
True
Is 13 a factor of 1417?
True
Does 27 divide 65529?
True
Is 1399 a multiple of 94?
False
Is 15 a factor of 338?
False
Is 13 a factor of 2509?
True
Is 87 a multiple of 8?
False
Is 1255 a multiple of 91?
False
Does 142 divide 4346?
False
Does 35 divide 9450?
True
Does 16 divide 5292?
False
Is 21000 a multiple of 20?
True
Is 10 a factor of 170?
True
Is 251 a multiple of 14?
False
Is 896 a multiple of 16?
True
Is 46010 a multiple of 107?
True
Is 737 a multiple of 19?
False
Does 3 divide 434?
False
Is 1575 a multiple of 7?
True
Does 6 divide 97?
False
Does 3 divide 46?
False
Is 59 a factor of 1371?
False
Is 113 a factor of 75258?
True
Does 95 divide 1995?
True
Is 152 a factor of 16112?
True
Is 73 a factor of 5046?
False
Is 2486 a multiple of 22?
True
Is 3186 a multiple of 14?
False
Does 74 divide 34283?
False
Does 46 divide 396?
False
Is 79583 a multiple of 55?
False
Is 176 even?
True
Is 5656 a multiple of 14?
True
Is 11 a factor of 227?
False
Is 551 a multiple of 10?
False
Is 19876 a multiple of 228?
False
Is 14 a factor of 4732?
True
Does 33 divide 3530?
False
Is 12220 a multiple of 52?
True
Does 28 divide 963?
False
Is 32 a factor of 268?
False
Is 2702 a multiple of 34?
False
Is 38 a factor of 22040?
True
Is 2160 a multiple of 3?
True
Is 296 a factor of 63453?
False
Is 13 a factor of 16484?
True
Does 2 divide 690?
True
Is 65 a factor of 5872?
False
Is 11383 a multiple of 26?
False
Does 76 divide 6778?
False
Is 399 a multiple of 19?
True
Does 20 divide 1471?
False
Is 41857 a multiple of 30?
False
Is 71 a factor of 5683?
False
Is 7 a factor of 1143?
False
Is 6 a factor of 33732?
True
Is 912 a multiple of 26?
False
Does 11 divide 121?
True
Is 446 a multiple of 8?
False
Is 10 a factor of 210?
True
Does 39 divide 53598?
False
Is 37 a factor of 584?
False
Is 1846 a multiple of 6?
False
Does 46 divide 19852?
False
Is 672 a multiple of 12?
True
Does 19 divide 1089?
False
Is 1101 a multiple of 10?
False
Is 27 a